*r - 10430 = 44*q - 46*q. What is the units digit of q?
3
Let s be (-17344)/6 - (-48)/72. What is the tens digit of 6*(-7)/(140/s)?
6
Suppose -56*b + 89*b - 390652 = -221*b. What is the units digit of b?
8
Let a(p) be the second derivative of p**5/20 - 37*p**4/12 + 22*p**3/3 + p**2/2 - 18*p. What is the hundreds digit of a(37)?
6
Let f = -23106 + 40447. What is the ten thousands digit of f?
1
Let j be 0 + 2 - (12 + -39). Suppose -5*b - j = g, -4*b + 2*b - 4*g = 8. What is the tens digit of b/(-6) + 116 + -1?
1
Let c = -6155 + 62071. What is the ten thousands digit of c?
5
Let g(j) = -j**3 + 8*j**2 + 2*j - 9. Let v = -57 - -61. Let w be g(v). Suppose -6*q + 591 - w = 0. What is the units digit of q?
8
Suppose -28*h - 76296 = -94*h. What is the tens digit of h?
5
Let g(y) = y**2 - 2*y + 2. Let m be g(2). Suppose -7*n = -128 + 128. Suppose 0 = -2*k + m, n = -0*l + 4*l - 4*k - 236. What is the units digit of l?
0
What is the ten thousands digit of (147/196)/((-3)/(-22370))*36/10?
2
Let s be 4/2 + 1 + 0. Suppose 9 = s*c - 0*c. Suppose w = -c*l + 3*w + 205, l + 5*w - 40 = 0. What is the units digit of l?
5
Let s = -97 - -77. Let z(w) = w**2 + 17*w - 46. What is the units digit of z(s)?
4
Let a = 13682 + -11107. What is the hundreds digit of a?
5
Let q be (3/(-3))/(3/15) - -502. Suppose 0 = 495*k - q*k + 1936. What is the units digit of k?
8
Let c(m) be the third derivative of m**5/60 + 71*m**3/6 + m**2 + 35. What is the tens digit of c(-14)?
6
Suppose 4*p - 432 = -4*o, -o - 3*p + 100 = 2*p. Let z = o + -66. Suppose 2*x - 254 = 4*w - z, -x - w = -117. What is the units digit of x?
3
Suppose 45*y - 41*y - 80 = 0. Suppose -2*f - s = -235, -s - y = -5*s. What is the units digit of f?
5
Let w(n) = 128*n**2 + 43*n + 218. What is the thousands digit of w(-7)?
6
Suppose 23*a - 51742 = 55622. What is the tens digit of a?
6
Let f be 4/6*((-5)/(-10) + 4). Suppose -u - 85 = f*c + 8, -5*c - 4*u = 155. Let g = 107 + c. What is the units digit of g?
6
Let y(m) = m**2 - 3*m - 2. Let a be y(2). Let k be (1 - 3)*-53*6/a. What is the units digit of 3 + (k/(-21) - (-6)/14)?
1
Let j = 15703 - 9354. What is the tens digit of j?
4
Let w(q) = -5*q**2. Let j be 28/(-6) + 12/(-36). Let y be w(j). Let s = 185 + y. What is the tens digit of s?
6
Suppose -4*r = -2*k + 6, 6*r - 8*r - 8 = -2*k. Suppose 0 = 5*n + 20, 4*n = 4*u - k*u + 519. What is the units digit of u?
5
Let z = -2765 - -2875. Suppose 0 = -4*n - 2*h + 222, 0*h - 105 = -2*n - 3*h. Let i = z - n. What is the units digit of i?
3
Suppose -12*f = -9*f - 18. Let s be -6*(f/9 - (-679)/(-6)). Suppose -5*g - 7*q + 841 = -3*q, -4*g = q - s. What is the units digit of g?
9
Suppose 12 - 45 = -h. Suppose -4*w = -10*w + 4*w. Suppose 0 = 4*t - w*t + 3*x - 192, -h = -t + 3*x. What is the tens digit of t?
4
Let m(f) = 49*f**3 - f**2 - 2*f + 4. Let g be m(2). Let k = g - -33. What is the tens digit of k?
2
Suppose -6*i + 3539 = -349. Suppose -102*u = -99*u - i. What is the tens digit of u?
1
Let o be (-228)/15*(-5)/2. Let s = -37 + o. What is the units digit of ((-3)/(-2))/(s/60)?
0
Let p(i) = -11*i + 4*i + 29*i**2 - 3*i + 22 - 8*i + 34*i. What is the tens digit of p(-4)?
2
Let y(h) = 8*h**3 + 19*h**2 + 4*h + 5. Let u be y(-2). What is the tens digit of u/((-297)/(-21956))*(-6)/(-4)?
9
What is the tens digit of (-1164)/(-48)*536/(-2 - -3)?
9
What is the tens digit of (-2)/(11 + (-12879)/1170)?
6
Suppose -41*q + 514134 = -19920 - 858388. What is the tens digit of q?
6
What is the tens digit of -33213*(21/(-27) + (-60)/(-135))?
7
Let o(i) = 124*i + 15. Let t be o(7). Suppose -7*l + t = -839. What is the tens digit of l?
4
Let p(i) be the third derivative of -89*i**4/24 - 4*i**3/3 + i**2. Let x be p(-6). Let k = -351 + x. What is the tens digit of k?
7
What is the units digit of 0/8 - 25270/(21/(-3))?
0
Suppose -22*h = -6*h - 44816. Suppose -5*c = -a + 1455, -3*c = -3*a + 1612 + h. What is the tens digit of a?
7
Let j be -5 + (-2 + 1)*-74. Let y = 69 - j. Suppose -6*p + 13*p - 1162 = y. What is the hundreds digit of p?
1
Let m = 39 - 154. Let u = 626 + m. What is the hundreds digit of u?
5
Suppose 0 = 9*t - 0*t + 18. Let b(a) = 9*a**2 - 13*a - 21. What is the units digit of b(t)?
1
Let f(a) = -6*a. Suppose 0 = -5*u - 1 + 6. Let z be ((-12)/(-8) + u*-3)*4. What is the tens digit of f(z)?
3
Let j(v) = -146*v - 186. Let d be j(-9). Let b = d - 638. What is the units digit of b?
0
Suppose -8083 = -2*g + 6407. Suppose -g = -12*c + 3*c. What is the tens digit of c?
0
Suppose -d + 4*p = -0*d + 7, 0 = -5*d + 2*p - 71. Let r(o) = 2*o**2 - o**2 - 3 + 0*o**2 + 11*o. What is the tens digit of r(d)?
5
Let h = 203 + -107. What is the units digit of (h/144)/(1/2052*2)?
4
Let k be 1 + 6/4 + (-660)/(-40). Suppose -21*w + k*w = -2*o + 956, -2*o + 968 = 2*w. What is the hundreds digit of o?
4
What is the units digit of 1710 + 10 + 16 + -13?
3
Let g be 1/5*2*15. Let b be -4 - (42/(-105) - 316/10). Suppose -b = -g*q + 38. What is the tens digit of q?
1
Let t(i) = i**2 + 2*i - 5. Let g be (-20)/(-25)*1*-5. Let r be t(g). What is the units digit of 4 - (-244)/(r - -1)?
5
Let l = 1143 + 7082. What is the units digit of l?
5
What is the units digit of (-324209)/(-7) - ((-15570)/315 + 49)?
6
What is the units digit of (-405 - -510)/(2/594)?
5
Let m(d) be the second derivative of 12*d**5/5 + d**3 - 4*d**2 - 88*d. What is the tens digit of m(2)?
8
Let u = 8249 - 7881. What is the hundreds digit of u?
3
Suppose 5*z - 101*j + 102*j - 38588 = 0, -3*j = 2*z - 15417. What is the tens digit of z?
1
Let k(o) = 24*o - 44. Let s be k(2). Suppose s*m - 2740 = -3*n, n + 2737 = 4*n + m. What is the tens digit of n?
1
Let r(t) = 8*t - 4. Let k be r(1). Suppose g - 5 + 18 = 4*l, -k*g + 24 = 3*l. Suppose 310 = l*y - z - 2*z, -4*y + 314 = -z. What is the tens digit of y?
7
Let m be (42/9)/(12/(-18)). Let c(v) = 3*v - 20. Let u(w) = -5*w + 21. Let h(a) = 3*c(a) + 4*u(a). What is the hundreds digit of h(m)?
1
Suppose -303 = -f + 651. Let j = -483 + f. What is the tens digit of j?
7
Let c be ((-16)/(-40))/(2/5)*-3. Let x be (2 + (-9 - -4))*c. Suppose x*i = 16*i - 847. What is the tens digit of i?
2
Suppose -12*o = -17*o + 10. Let u(b) = 7*b - 44 + 22 + 5 - o*b. What is the units digit of u(15)?
8
Let s be ((-1)/(-3))/(10/1290). Let q = s + -155. Let b = -54 - q. What is the units digit of b?
8
Let i(h) = -4*h**2 - 61*h - 59. Let b(y) = 2*y**2 + 31*y + 29. Let x(t) = 11*b(t) + 6*i(t). Let j be x(-11). What is the units digit of 0/(-4) - (-3 - j)?
1
Let w = 152 - 162. Let r = w + 50. What is the units digit of r?
0
Let q = 21 + -18. Let x(c) = -5*c**2 - 5*c - 15. Let a(f) = -f**2 - 1. Let g(v) = q*a(v) - x(v). What is the tens digit of g(-6)?
5
Let h(m) = -92*m + 2. Let d be h(-4). Let r be (18/72)/((-7)/(-112)). Suppose q = l + 80, -5*q + d = r*l + l. What is the tens digit of q?
7
Suppose -4*p - 19920 = -4*m - 6*p, 12 = 3*p. What is the tens digit of m?
7
What is the thousands digit of ((-1020)/(-90))/(((-44)/(-5952))/11)?
6
Let a be (-16)/6 - (10/(-6) - -1). Let p be (0 + (-1 - a))/(1/(-30)). What is the units digit of (1/(6/2))/(p/(-4410))?
9
Let l(f) = 2*f**3 + 13*f**2 - 12*f - 33. Let r be l(-7). What is the units digit of (r - -286)*1 + (8 - 3)?
3
Let s(q) = -q**2 - 91*q - 985. What is the tens digit of s(-70)?
8
What is the thousands digit of (-150)/50 - 9776/(-1)?
9
Suppose 12*v + 56 = 14*v. Let y(m) = -m**3 + 28*m**2 + 6*m + 50. What is the tens digit of y(v)?
1
Suppose 2*b - 2*f - 73414 = 0, -3*b + 2*f + 29947 = -80177. What is the tens digit of b?
1
Suppose 69*q + 186023 - 2580806 = 0. What is the thousands digit of q?
4
Suppose 4*g - 13436 = 2*n, -155*n + 154*n = -3*g + 10076. What is the units digit of g?
8
Suppose 218 = -g + 220. Suppose -4*f + 4534 = 3*d, -4532 = 20*d - 23*d - g*f. What is the hundreds digit of d?
5
Let t = 1583 - -18836. What is the units digit of t?
9
What is the thousands digit of (-22 - (44 - 20))*-1257?
7
Let d(f) be the second derivative of -61*f**3/6 - 41*f**2/2 + 13*f. What is the tens digit of d(-8)?
4
What is the units digit of (7385/10 - 0)/(5/30)?
1
What is the tens digit of (-9)/(-15) + 174895/175?
0
Suppose 3*v + v + s = 15395, -4*s - 7684 = -2*v. What is the units digit of v?
8
Suppose 2*c - w + 4*w - 321 = 0, -4*c + 2*w = -682. S